{"id":5063,"date":"2022-02-07T19:54:16","date_gmt":"2022-02-07T19:54:16","guid":{"rendered":"https:\/\/www.lyntik.co\/?page_id=5063"},"modified":"2024-06-05T20:53:54","modified_gmt":"2024-06-05T20:53:54","slug":"caso-de-exito-proteccion","status":"publish","type":"page","link":"https:\/\/lyntik.co\/blog\/caso-de-exito-proteccion\/","title":{"rendered":"Caso de \u00e9xito: Protecci\u00f3n"},"content":{"rendered":"\t\t<div data-elementor-type=\"wp-page\" data-elementor-id=\"5063\" class=\"elementor elementor-5063\" data-elementor-post-type=\"page\">\n\t\t\t\t\t\t<section class=\"elementor-section elementor-top-section elementor-element elementor-element-8da57ee elementor-section-boxed elementor-section-height-default elementor-section-height-default\" data-id=\"8da57ee\" data-element_type=\"section\" data-e-type=\"section\">\n\t\t\t\t\t\t<div class=\"elementor-container elementor-column-gap-default\">\n\t\t\t\t\t<div class=\"elementor-column elementor-col-100 elementor-top-column elementor-element elementor-element-3ae70b3\" data-id=\"3ae70b3\" data-element_type=\"column\" data-e-type=\"column\">\n\t\t\t<div class=\"elementor-widget-wrap elementor-element-populated\">\n\t\t\t\t\t\t<div class=\"elementor-element elementor-element-b9c3bbc elementor-widget elementor-widget-text-editor\" data-id=\"b9c3bbc\" data-element_type=\"widget\" data-e-type=\"widget\" data-widget_type=\"text-editor.default\">\n\t\t\t\t<div class=\"elementor-widget-container\">\n\t\t\t\t\t\t\t\t\t<h1 class=\"vc_custom_heading\"><strong>PROTECCI\u00d3N ahora cuenta con m\u00e1s protecci\u00f3n<\/strong><\/h1>\t\t\t\t\t\t\t\t<\/div>\n\t\t\t\t<\/div>\n\t\t\t\t\t<\/div>\n\t\t<\/div>\n\t\t\t\t\t<\/div>\n\t\t<\/section>\n\t\t\t\t<section class=\"elementor-section elementor-top-section elementor-element elementor-element-2e9826a elementor-section-boxed elementor-section-height-default elementor-section-height-default\" data-id=\"2e9826a\" data-element_type=\"section\" data-e-type=\"section\">\n\t\t\t\t\t\t<div class=\"elementor-container elementor-column-gap-default\">\n\t\t\t\t\t<div class=\"elementor-column elementor-col-100 elementor-top-column elementor-element elementor-element-cc50f93\" data-id=\"cc50f93\" data-element_type=\"column\" data-e-type=\"column\">\n\t\t\t<div class=\"elementor-widget-wrap elementor-element-populated\">\n\t\t\t\t\t\t<div class=\"elementor-element elementor-element-e3838a8 elementor-widget elementor-widget-text-editor\" data-id=\"e3838a8\" data-element_type=\"widget\" data-e-type=\"widget\" data-widget_type=\"text-editor.default\">\n\t\t\t\t<div class=\"elementor-widget-container\">\n\t\t\t\t\t\t\t\t\t<p>Cualquier empresa colombiana que tenga una cuenta de compensaci\u00f3n debe transmitir los movimientos y saldos de su cuenta mensualmente al\u00a0<a href=\"https:\/\/www.banrep.gov.co\/\" target=\"_blank\" rel=\"noopener noreferrer\"><em><strong>Banco de la Rep\u00fablica<\/strong><\/em><\/a>\u00a0y trimestralmente a la\u00a0<a href=\"https:\/\/www.dian.gov.co\/\" target=\"_blank\" rel=\"noopener noreferrer\"><strong><em>DIAN<\/em><\/strong><\/a>. En el caso de\u00a0<a href=\"http:\/\/www.proteccion.com\/\" target=\"_blank\" rel=\"noopener noreferrer\"><strong><em>Protecci\u00f3n<\/em>\u00a0<\/strong><\/a>debe transmitir no solo una,\u00a0<strong>sino muchas cuentas,\u00a0<\/strong>esto hace que sea un proceso delicado y, si es manual, muy complejo e implica un riesgo para la empresa.<\/p>\t\t\t\t\t\t\t\t<\/div>\n\t\t\t\t<\/div>\n\t\t\t\t\t<\/div>\n\t\t<\/div>\n\t\t\t\t\t<\/div>\n\t\t<\/section>\n\t\t\t\t<section class=\"elementor-section elementor-top-section elementor-element elementor-element-341493f elementor-section-boxed elementor-section-height-default elementor-section-height-default\" data-id=\"341493f\" data-element_type=\"section\" data-e-type=\"section\">\n\t\t\t\t\t\t<div class=\"elementor-container elementor-column-gap-default\">\n\t\t\t\t\t<div class=\"elementor-column elementor-col-100 elementor-top-column elementor-element elementor-element-124faae\" data-id=\"124faae\" data-element_type=\"column\" data-e-type=\"column\">\n\t\t\t<div class=\"elementor-widget-wrap elementor-element-populated\">\n\t\t\t\t\t\t<div class=\"elementor-element elementor-element-0cb1c44 elementor-widget elementor-widget-image\" data-id=\"0cb1c44\" data-element_type=\"widget\" data-e-type=\"widget\" data-widget_type=\"image.default\">\n\t\t\t\t<div class=\"elementor-widget-container\">\n\t\t\t\t\t\t\t\t\t\t\t\t\t\t\t<img fetchpriority=\"high\" decoding=\"async\" width=\"1200\" height=\"300\" src=\"https:\/\/lyntik.co\/blog\/wp-content\/uploads\/2022\/02\/Copia-de-El-futuro-de-la-industria-de-los-mercados-de-capital-13.webp\" class=\"attachment-2048x2048 size-2048x2048 wp-image-5066\" alt=\"\" srcset=\"https:\/\/lyntik.co\/blog\/wp-content\/uploads\/2022\/02\/Copia-de-El-futuro-de-la-industria-de-los-mercados-de-capital-13.webp 1200w, https:\/\/lyntik.co\/blog\/wp-content\/uploads\/2022\/02\/Copia-de-El-futuro-de-la-industria-de-los-mercados-de-capital-13-300x75.webp 300w, https:\/\/lyntik.co\/blog\/wp-content\/uploads\/2022\/02\/Copia-de-El-futuro-de-la-industria-de-los-mercados-de-capital-13-1024x256.webp 1024w, https:\/\/lyntik.co\/blog\/wp-content\/uploads\/2022\/02\/Copia-de-El-futuro-de-la-industria-de-los-mercados-de-capital-13-768x192.webp 768w, https:\/\/lyntik.co\/blog\/wp-content\/uploads\/2022\/02\/Copia-de-El-futuro-de-la-industria-de-los-mercados-de-capital-13-350x88.webp 350w, https:\/\/lyntik.co\/blog\/wp-content\/uploads\/2022\/02\/Copia-de-El-futuro-de-la-industria-de-los-mercados-de-capital-13-540x135.webp 540w, https:\/\/lyntik.co\/blog\/wp-content\/uploads\/2022\/02\/Copia-de-El-futuro-de-la-industria-de-los-mercados-de-capital-13-920x230.webp 920w, https:\/\/lyntik.co\/blog\/wp-content\/uploads\/2022\/02\/Copia-de-El-futuro-de-la-industria-de-los-mercados-de-capital-13-730x183.webp 730w, https:\/\/lyntik.co\/blog\/wp-content\/uploads\/2022\/02\/Copia-de-El-futuro-de-la-industria-de-los-mercados-de-capital-13-500x125.webp 500w\" sizes=\"(max-width: 1200px) 100vw, 1200px\" \/>\t\t\t\t\t\t\t\t\t\t\t\t\t\t\t<\/div>\n\t\t\t\t<\/div>\n\t\t\t\t\t<\/div>\n\t\t<\/div>\n\t\t\t\t\t<\/div>\n\t\t<\/section>\n\t\t\t\t<section class=\"elementor-section elementor-top-section elementor-element elementor-element-7dd76c9 elementor-section-boxed elementor-section-height-default elementor-section-height-default\" data-id=\"7dd76c9\" data-element_type=\"section\" data-e-type=\"section\">\n\t\t\t\t\t\t<div class=\"elementor-container elementor-column-gap-default\">\n\t\t\t\t\t<div class=\"elementor-column elementor-col-50 elementor-top-column elementor-element elementor-element-f0f50c7\" data-id=\"f0f50c7\" data-element_type=\"column\" data-e-type=\"column\">\n\t\t\t<div class=\"elementor-widget-wrap elementor-element-populated\">\n\t\t\t\t\t\t<div class=\"elementor-element elementor-element-3a920e9 elementor-widget elementor-widget-text-editor\" data-id=\"3a920e9\" data-element_type=\"widget\" data-e-type=\"widget\" data-widget_type=\"text-editor.default\">\n\t\t\t\t<div class=\"elementor-widget-container\">\n\t\t\t\t\t\t\t\t\t<p>Todo el manejo manual de los reportes implicaba\u00a0<strong>un riesgo latente de sanciones por parte de los entes de control<\/strong>, trabajo operativo largo e ineficiente en hojas de c\u00e1lculo en equipos locales, sin capacidad para escalar o hacer nuevos movimientos de negocio en sus muchas cuentas de compensaci\u00f3n a nivel mundial e inestabilidad ante cualquier cambio normativo, que deb\u00edan estudiar individualmente y aplicar en sus c\u00e1lculos manuales, generaban fragilidad en el proceso.<\/p>\t\t\t\t\t\t\t\t<\/div>\n\t\t\t\t<\/div>\n\t\t\t\t\t<\/div>\n\t\t<\/div>\n\t\t\t\t<div class=\"elementor-column elementor-col-50 elementor-top-column elementor-element elementor-element-f321a7c\" data-id=\"f321a7c\" data-element_type=\"column\" data-e-type=\"column\">\n\t\t\t<div class=\"elementor-widget-wrap elementor-element-populated\">\n\t\t\t\t\t\t<div class=\"elementor-element elementor-element-41e7335 elementor-widget elementor-widget-image\" data-id=\"41e7335\" data-element_type=\"widget\" data-e-type=\"widget\" data-widget_type=\"image.default\">\n\t\t\t\t<div class=\"elementor-widget-container\">\n\t\t\t\t\t\t\t\t\t\t\t\t\t\t\t<img decoding=\"async\" width=\"600\" height=\"300\" src=\"https:\/\/lyntik.co\/blog\/wp-content\/uploads\/2022\/02\/Copia-de-El-futuro-de-la-industria-de-los-mercados-de-capital-14.webp\" class=\"attachment-large size-large wp-image-5068\" alt=\"\" srcset=\"https:\/\/lyntik.co\/blog\/wp-content\/uploads\/2022\/02\/Copia-de-El-futuro-de-la-industria-de-los-mercados-de-capital-14.webp 600w, https:\/\/lyntik.co\/blog\/wp-content\/uploads\/2022\/02\/Copia-de-El-futuro-de-la-industria-de-los-mercados-de-capital-14-300x150.webp 300w, https:\/\/lyntik.co\/blog\/wp-content\/uploads\/2022\/02\/Copia-de-El-futuro-de-la-industria-de-los-mercados-de-capital-14-350x175.webp 350w, https:\/\/lyntik.co\/blog\/wp-content\/uploads\/2022\/02\/Copia-de-El-futuro-de-la-industria-de-los-mercados-de-capital-14-540x270.webp 540w, https:\/\/lyntik.co\/blog\/wp-content\/uploads\/2022\/02\/Copia-de-El-futuro-de-la-industria-de-los-mercados-de-capital-14-500x250.webp 500w\" sizes=\"(max-width: 600px) 100vw, 600px\" \/>\t\t\t\t\t\t\t\t\t\t\t\t\t\t\t<\/div>\n\t\t\t\t<\/div>\n\t\t\t\t\t<\/div>\n\t\t<\/div>\n\t\t\t\t\t<\/div>\n\t\t<\/section>\n\t\t\t\t<section class=\"elementor-section elementor-top-section elementor-element elementor-element-3531b9f elementor-section-boxed elementor-section-height-default elementor-section-height-default\" data-id=\"3531b9f\" data-element_type=\"section\" data-e-type=\"section\">\n\t\t\t\t\t\t<div class=\"elementor-container elementor-column-gap-default\">\n\t\t\t\t\t<div class=\"elementor-column elementor-col-50 elementor-top-column elementor-element elementor-element-1d33d88\" data-id=\"1d33d88\" data-element_type=\"column\" data-e-type=\"column\">\n\t\t\t<div class=\"elementor-widget-wrap elementor-element-populated\">\n\t\t\t\t\t\t<div class=\"elementor-element elementor-element-755814b elementor-widget elementor-widget-image\" data-id=\"755814b\" data-element_type=\"widget\" data-e-type=\"widget\" data-widget_type=\"image.default\">\n\t\t\t\t<div class=\"elementor-widget-container\">\n\t\t\t\t\t\t\t\t\t\t\t\t\t\t\t<img decoding=\"async\" width=\"600\" height=\"300\" src=\"https:\/\/lyntik.co\/blog\/wp-content\/uploads\/2022\/02\/Copia-de-El-futuro-de-la-industria-de-los-mercados-de-capital-15.webp\" class=\"attachment-large size-large wp-image-5069\" alt=\"\" srcset=\"https:\/\/lyntik.co\/blog\/wp-content\/uploads\/2022\/02\/Copia-de-El-futuro-de-la-industria-de-los-mercados-de-capital-15.webp 600w, https:\/\/lyntik.co\/blog\/wp-content\/uploads\/2022\/02\/Copia-de-El-futuro-de-la-industria-de-los-mercados-de-capital-15-300x150.webp 300w, https:\/\/lyntik.co\/blog\/wp-content\/uploads\/2022\/02\/Copia-de-El-futuro-de-la-industria-de-los-mercados-de-capital-15-350x175.webp 350w, https:\/\/lyntik.co\/blog\/wp-content\/uploads\/2022\/02\/Copia-de-El-futuro-de-la-industria-de-los-mercados-de-capital-15-540x270.webp 540w, https:\/\/lyntik.co\/blog\/wp-content\/uploads\/2022\/02\/Copia-de-El-futuro-de-la-industria-de-los-mercados-de-capital-15-500x250.webp 500w\" sizes=\"(max-width: 600px) 100vw, 600px\" \/>\t\t\t\t\t\t\t\t\t\t\t\t\t\t\t<\/div>\n\t\t\t\t<\/div>\n\t\t\t\t\t<\/div>\n\t\t<\/div>\n\t\t\t\t<div class=\"elementor-column elementor-col-50 elementor-top-column elementor-element elementor-element-3a41323\" data-id=\"3a41323\" data-element_type=\"column\" data-e-type=\"column\">\n\t\t\t<div class=\"elementor-widget-wrap elementor-element-populated\">\n\t\t\t\t\t\t<div class=\"elementor-element elementor-element-b7c507d elementor-widget elementor-widget-text-editor\" data-id=\"b7c507d\" data-element_type=\"widget\" data-e-type=\"widget\" data-widget_type=\"text-editor.default\">\n\t\t\t\t<div class=\"elementor-widget-container\">\n\t\t\t\t\t\t\t\t\t<p>Con sus datos totalmente protegidos en una nube confidencial,\u00a0<strong>Protecci\u00f3n llev\u00f3 todo su proceso operativo de hojas de c\u00e1lculo en equipos locales, a una aplicaci\u00f3n que automatiz\u00f3 el proceso completamente de principio a fin.<\/strong>\u00a0Adem\u00e1s, el proceso fue implementado en solo un mes sin ning\u00fan costo de licencia de software al frente.<\/p>\t\t\t\t\t\t\t\t<\/div>\n\t\t\t\t<\/div>\n\t\t\t\t\t<\/div>\n\t\t<\/div>\n\t\t\t\t\t<\/div>\n\t\t<\/section>\n\t\t\t\t<section class=\"elementor-section elementor-top-section elementor-element elementor-element-460646a elementor-section-boxed elementor-section-height-default elementor-section-height-default\" data-id=\"460646a\" data-element_type=\"section\" data-e-type=\"section\">\n\t\t\t\t\t\t<div class=\"elementor-container elementor-column-gap-default\">\n\t\t\t\t\t<div class=\"elementor-column elementor-col-100 elementor-top-column elementor-element elementor-element-c5349e4\" data-id=\"c5349e4\" data-element_type=\"column\" data-e-type=\"column\">\n\t\t\t<div class=\"elementor-widget-wrap elementor-element-populated\">\n\t\t\t\t\t\t<div class=\"elementor-element elementor-element-0052af5 elementor-widget elementor-widget-text-editor\" data-id=\"0052af5\" data-element_type=\"widget\" data-e-type=\"widget\" data-widget_type=\"text-editor.default\">\n\t\t\t\t<div class=\"elementor-widget-container\">\n\t\t\t\t\t\t\t\t\t<p>Por todos estos beneficios nos gusta decir que\u00a0<em><a href=\"http:\/\/www.proteccion.com\/\" target=\"_blank\" rel=\"noopener noreferrer\"><strong>Protecci\u00f3n<\/strong><\/a>\u00a0<\/em>encontr\u00f3 protecci\u00f3n contando con un proceso actualizado para las demandas de su d\u00eda a d\u00eda. Lo m\u00e1s importante es que\u00a0<a href=\"http:\/\/www.proteccion.com\/\" target=\"_blank\" rel=\"noopener noreferrer\"><em><strong>Protecci\u00f3n<\/strong>\u00a0<\/em><\/a><strong>comprendi\u00f3 el camino de la transformaci\u00f3n digital hace 10 a\u00f1os<\/strong>\u00a0y hoy sus procesos son mucho m\u00e1s maduros y eficientes.<\/p>\t\t\t\t\t\t\t\t<\/div>\n\t\t\t\t<\/div>\n\t\t\t\t\t<\/div>\n\t\t<\/div>\n\t\t\t\t\t<\/div>\n\t\t<\/section>\n\t\t\t\t<section class=\"elementor-section elementor-top-section elementor-element elementor-element-6deb88f elementor-section-boxed elementor-section-height-default elementor-section-height-default\" data-id=\"6deb88f\" data-element_type=\"section\" data-e-type=\"section\">\n\t\t\t\t\t\t<div class=\"elementor-container elementor-column-gap-default\">\n\t\t\t\t\t<div class=\"elementor-column elementor-col-100 elementor-top-column elementor-element elementor-element-cc81b90\" data-id=\"cc81b90\" data-element_type=\"column\" data-e-type=\"column\">\n\t\t\t<div class=\"elementor-widget-wrap elementor-element-populated\">\n\t\t\t\t\t\t<div class=\"elementor-element elementor-element-522e71d elementor-widget elementor-widget-image\" data-id=\"522e71d\" data-element_type=\"widget\" data-e-type=\"widget\" data-widget_type=\"image.default\">\n\t\t\t\t<div class=\"elementor-widget-container\">\n\t\t\t\t\t\t\t\t\t\t\t\t\t\t\t<img loading=\"lazy\" decoding=\"async\" width=\"1200\" height=\"300\" src=\"https:\/\/lyntik.co\/blog\/wp-content\/uploads\/2022\/02\/Copia-de-El-futuro-de-la-industria-de-los-mercados-de-capital-17.jpg\" class=\"attachment-2048x2048 size-2048x2048 wp-image-5075\" alt=\"\" srcset=\"https:\/\/lyntik.co\/blog\/wp-content\/uploads\/2022\/02\/Copia-de-El-futuro-de-la-industria-de-los-mercados-de-capital-17.jpg 1200w, https:\/\/lyntik.co\/blog\/wp-content\/uploads\/2022\/02\/Copia-de-El-futuro-de-la-industria-de-los-mercados-de-capital-17-300x75.jpg 300w, https:\/\/lyntik.co\/blog\/wp-content\/uploads\/2022\/02\/Copia-de-El-futuro-de-la-industria-de-los-mercados-de-capital-17-1024x256.jpg 1024w, https:\/\/lyntik.co\/blog\/wp-content\/uploads\/2022\/02\/Copia-de-El-futuro-de-la-industria-de-los-mercados-de-capital-17-768x192.jpg 768w, https:\/\/lyntik.co\/blog\/wp-content\/uploads\/2022\/02\/Copia-de-El-futuro-de-la-industria-de-los-mercados-de-capital-17-350x88.jpg 350w, https:\/\/lyntik.co\/blog\/wp-content\/uploads\/2022\/02\/Copia-de-El-futuro-de-la-industria-de-los-mercados-de-capital-17-540x135.jpg 540w, https:\/\/lyntik.co\/blog\/wp-content\/uploads\/2022\/02\/Copia-de-El-futuro-de-la-industria-de-los-mercados-de-capital-17-920x230.jpg 920w, https:\/\/lyntik.co\/blog\/wp-content\/uploads\/2022\/02\/Copia-de-El-futuro-de-la-industria-de-los-mercados-de-capital-17-730x183.jpg 730w, https:\/\/lyntik.co\/blog\/wp-content\/uploads\/2022\/02\/Copia-de-El-futuro-de-la-industria-de-los-mercados-de-capital-17-500x125.jpg 500w\" sizes=\"(max-width: 1200px) 100vw, 1200px\" \/>\t\t\t\t\t\t\t\t\t\t\t\t\t\t\t<\/div>\n\t\t\t\t<\/div>\n\t\t\t\t\t<\/div>\n\t\t<\/div>\n\t\t\t\t\t<\/div>\n\t\t<\/section>\n\t\t\t\t<\/div>\n\t\t<!-- AddThis Advanced Settings generic via filter on the_content --><!-- AddThis Share Buttons generic via filter on the_content -->","protected":false},"excerpt":{"rendered":"<p>PROTECCI\u00d3N ahora cuenta con m\u00e1s protecci\u00f3n Cualquier empresa colombiana que tenga una cuenta de compensaci\u00f3n debe transmitir los movimientos y saldos de su cuenta mensualmente [&hellip;]<!-- AddThis Advanced Settings generic via filter on get_the_excerpt --><!-- AddThis Share Buttons generic via filter on get_the_excerpt --><\/p>\n","protected":false},"author":2,"featured_media":0,"parent":0,"menu_order":0,"comment_status":"closed","ping_status":"closed","template":"page-templates\/pages.php","meta":{"footnotes":""},"class_list":["post-5063","page","type-page","status-publish","hentry"],"yoast_head":"<!-- This site is optimized with the Yoast SEO plugin v27.1.1 - https:\/\/yoast.com\/product\/yoast-seo-wordpress\/ -->\n<title>Caso de \u00e9xito: Protecci\u00f3n - Blog lyntik<\/title>\n<meta name=\"robots\" content=\"index, follow, max-snippet:-1, max-image-preview:large, max-video-preview:-1\" \/>\n<link rel=\"canonical\" href=\"https:\/\/lyntik.co\/blog\/caso-de-exito-proteccion\/\" \/>\n<meta property=\"og:locale\" content=\"es_ES\" \/>\n<meta property=\"og:type\" content=\"article\" \/>\n<meta property=\"og:title\" content=\"Caso de \u00e9xito: Protecci\u00f3n - Blog lyntik\" \/>\n<meta property=\"og:description\" content=\"PROTECCI\u00d3N ahora cuenta con m\u00e1s protecci\u00f3n Cualquier empresa colombiana que tenga una cuenta de compensaci\u00f3n debe transmitir los movimientos y saldos de su cuenta mensualmente [&hellip;]\" \/>\n<meta property=\"og:url\" content=\"https:\/\/lyntik.co\/blog\/caso-de-exito-proteccion\/\" \/>\n<meta property=\"og:site_name\" content=\"Blog lyntik\" \/>\n<meta property=\"article:modified_time\" content=\"2024-06-05T20:53:54+00:00\" \/>\n<meta property=\"og:image\" content=\"https:\/\/lyntik.co\/blog\/wp-content\/uploads\/2022\/02\/Copia-de-El-futuro-de-la-industria-de-los-mercados-de-capital-13.webp\" \/>\n\t<meta property=\"og:image:width\" content=\"1200\" \/>\n\t<meta property=\"og:image:height\" content=\"300\" \/>\n\t<meta property=\"og:image:type\" content=\"image\/webp\" \/>\n<meta name=\"twitter:card\" content=\"summary_large_image\" \/>\n<meta name=\"twitter:label1\" content=\"Tiempo de lectura\" \/>\n\t<meta name=\"twitter:data1\" content=\"2 minutos\" \/>\n<script type=\"application\/ld+json\" class=\"yoast-schema-graph\">{\"@context\":\"https:\/\/schema.org\",\"@graph\":[{\"@type\":\"WebPage\",\"@id\":\"https:\/\/lyntik.co\/blog\/caso-de-exito-proteccion\/\",\"url\":\"https:\/\/lyntik.co\/blog\/caso-de-exito-proteccion\/\",\"name\":\"Caso de \u00e9xito: Protecci\u00f3n - Blog lyntik\",\"isPartOf\":{\"@id\":\"https:\/\/lyntik.co\/blog\/#website\"},\"primaryImageOfPage\":{\"@id\":\"https:\/\/lyntik.co\/blog\/caso-de-exito-proteccion\/#primaryimage\"},\"image\":{\"@id\":\"https:\/\/lyntik.co\/blog\/caso-de-exito-proteccion\/#primaryimage\"},\"thumbnailUrl\":\"https:\/\/lyntik.co\/blog\/wp-content\/uploads\/2022\/02\/Copia-de-El-futuro-de-la-industria-de-los-mercados-de-capital-13.webp\",\"datePublished\":\"2022-02-07T19:54:16+00:00\",\"dateModified\":\"2024-06-05T20:53:54+00:00\",\"breadcrumb\":{\"@id\":\"https:\/\/lyntik.co\/blog\/caso-de-exito-proteccion\/#breadcrumb\"},\"inLanguage\":\"es\",\"potentialAction\":[{\"@type\":\"ReadAction\",\"target\":[\"https:\/\/lyntik.co\/blog\/caso-de-exito-proteccion\/\"]}]},{\"@type\":\"ImageObject\",\"inLanguage\":\"es\",\"@id\":\"https:\/\/lyntik.co\/blog\/caso-de-exito-proteccion\/#primaryimage\",\"url\":\"https:\/\/lyntik.co\/blog\/wp-content\/uploads\/2022\/02\/Copia-de-El-futuro-de-la-industria-de-los-mercados-de-capital-13.webp\",\"contentUrl\":\"https:\/\/lyntik.co\/blog\/wp-content\/uploads\/2022\/02\/Copia-de-El-futuro-de-la-industria-de-los-mercados-de-capital-13.webp\",\"width\":1200,\"height\":300},{\"@type\":\"BreadcrumbList\",\"@id\":\"https:\/\/lyntik.co\/blog\/caso-de-exito-proteccion\/#breadcrumb\",\"itemListElement\":[{\"@type\":\"ListItem\",\"position\":1,\"name\":\"Portada\",\"item\":\"https:\/\/lyntik.co\/blog\/\"},{\"@type\":\"ListItem\",\"position\":2,\"name\":\"Caso de \u00e9xito: Protecci\u00f3n\"}]},{\"@type\":\"WebSite\",\"@id\":\"https:\/\/lyntik.co\/blog\/#website\",\"url\":\"https:\/\/lyntik.co\/blog\/\",\"name\":\"Blog lyntik\",\"description\":\"Blog lyntik\",\"potentialAction\":[{\"@type\":\"SearchAction\",\"target\":{\"@type\":\"EntryPoint\",\"urlTemplate\":\"https:\/\/lyntik.co\/blog\/?s={search_term_string}\"},\"query-input\":{\"@type\":\"PropertyValueSpecification\",\"valueRequired\":true,\"valueName\":\"search_term_string\"}}],\"inLanguage\":\"es\"}]}<\/script>\n<!-- \/ Yoast SEO plugin. -->","yoast_head_json":{"title":"Caso de \u00e9xito: Protecci\u00f3n - Blog lyntik","robots":{"index":"index","follow":"follow","max-snippet":"max-snippet:-1","max-image-preview":"max-image-preview:large","max-video-preview":"max-video-preview:-1"},"canonical":"https:\/\/lyntik.co\/blog\/caso-de-exito-proteccion\/","og_locale":"es_ES","og_type":"article","og_title":"Caso de \u00e9xito: Protecci\u00f3n - Blog lyntik","og_description":"PROTECCI\u00d3N ahora cuenta con m\u00e1s protecci\u00f3n Cualquier empresa colombiana que tenga una cuenta de compensaci\u00f3n debe transmitir los movimientos y saldos de su cuenta mensualmente [&hellip;]","og_url":"https:\/\/lyntik.co\/blog\/caso-de-exito-proteccion\/","og_site_name":"Blog lyntik","article_modified_time":"2024-06-05T20:53:54+00:00","og_image":[{"width":1200,"height":300,"url":"https:\/\/lyntik.co\/blog\/wp-content\/uploads\/2022\/02\/Copia-de-El-futuro-de-la-industria-de-los-mercados-de-capital-13.webp","type":"image\/webp"}],"twitter_card":"summary_large_image","twitter_misc":{"Tiempo de lectura":"2 minutos"},"schema":{"@context":"https:\/\/schema.org","@graph":[{"@type":"WebPage","@id":"https:\/\/lyntik.co\/blog\/caso-de-exito-proteccion\/","url":"https:\/\/lyntik.co\/blog\/caso-de-exito-proteccion\/","name":"Caso de \u00e9xito: Protecci\u00f3n - Blog lyntik","isPartOf":{"@id":"https:\/\/lyntik.co\/blog\/#website"},"primaryImageOfPage":{"@id":"https:\/\/lyntik.co\/blog\/caso-de-exito-proteccion\/#primaryimage"},"image":{"@id":"https:\/\/lyntik.co\/blog\/caso-de-exito-proteccion\/#primaryimage"},"thumbnailUrl":"https:\/\/lyntik.co\/blog\/wp-content\/uploads\/2022\/02\/Copia-de-El-futuro-de-la-industria-de-los-mercados-de-capital-13.webp","datePublished":"2022-02-07T19:54:16+00:00","dateModified":"2024-06-05T20:53:54+00:00","breadcrumb":{"@id":"https:\/\/lyntik.co\/blog\/caso-de-exito-proteccion\/#breadcrumb"},"inLanguage":"es","potentialAction":[{"@type":"ReadAction","target":["https:\/\/lyntik.co\/blog\/caso-de-exito-proteccion\/"]}]},{"@type":"ImageObject","inLanguage":"es","@id":"https:\/\/lyntik.co\/blog\/caso-de-exito-proteccion\/#primaryimage","url":"https:\/\/lyntik.co\/blog\/wp-content\/uploads\/2022\/02\/Copia-de-El-futuro-de-la-industria-de-los-mercados-de-capital-13.webp","contentUrl":"https:\/\/lyntik.co\/blog\/wp-content\/uploads\/2022\/02\/Copia-de-El-futuro-de-la-industria-de-los-mercados-de-capital-13.webp","width":1200,"height":300},{"@type":"BreadcrumbList","@id":"https:\/\/lyntik.co\/blog\/caso-de-exito-proteccion\/#breadcrumb","itemListElement":[{"@type":"ListItem","position":1,"name":"Portada","item":"https:\/\/lyntik.co\/blog\/"},{"@type":"ListItem","position":2,"name":"Caso de \u00e9xito: Protecci\u00f3n"}]},{"@type":"WebSite","@id":"https:\/\/lyntik.co\/blog\/#website","url":"https:\/\/lyntik.co\/blog\/","name":"Blog lyntik","description":"Blog lyntik","potentialAction":[{"@type":"SearchAction","target":{"@type":"EntryPoint","urlTemplate":"https:\/\/lyntik.co\/blog\/?s={search_term_string}"},"query-input":{"@type":"PropertyValueSpecification","valueRequired":true,"valueName":"search_term_string"}}],"inLanguage":"es"}]}},"_links":{"self":[{"href":"https:\/\/lyntik.co\/blog\/wp-json\/wp\/v2\/pages\/5063","targetHints":{"allow":["GET"]}}],"collection":[{"href":"https:\/\/lyntik.co\/blog\/wp-json\/wp\/v2\/pages"}],"about":[{"href":"https:\/\/lyntik.co\/blog\/wp-json\/wp\/v2\/types\/page"}],"author":[{"embeddable":true,"href":"https:\/\/lyntik.co\/blog\/wp-json\/wp\/v2\/users\/2"}],"replies":[{"embeddable":true,"href":"https:\/\/lyntik.co\/blog\/wp-json\/wp\/v2\/comments?post=5063"}],"version-history":[{"count":6,"href":"https:\/\/lyntik.co\/blog\/wp-json\/wp\/v2\/pages\/5063\/revisions"}],"predecessor-version":[{"id":6116,"href":"https:\/\/lyntik.co\/blog\/wp-json\/wp\/v2\/pages\/5063\/revisions\/6116"}],"wp:attachment":[{"href":"https:\/\/lyntik.co\/blog\/wp-json\/wp\/v2\/media?parent=5063"}],"curies":[{"name":"wp","href":"https:\/\/api.w.org\/{rel}","templated":true}]}}